{"id":10,"date":"2025-10-15T11:01:33","date_gmt":"2025-10-15T08:01:33","guid":{"rendered":"https:\/\/akumatik.com.tr\/?page_id=10"},"modified":"2025-10-22T14:08:04","modified_gmt":"2025-10-22T11:08:04","slug":"sepet","status":"publish","type":"page","link":"https:\/\/akumatik.com.tr\/?page_id=10","title":{"rendered":"Sepet"},"content":{"rendered":"\n<div data-block-name=\"woocommerce\/cart\" class=\"wp-block-woocommerce-cart alignwide is-loading\">\n<div data-block-name=\"woocommerce\/filled-cart-block\" class=\"wp-block-woocommerce-filled-cart-block\">\n<div data-block-name=\"woocommerce\/cart-items-block\" class=\"wp-block-woocommerce-cart-items-block\">\n<div data-block-name=\"woocommerce\/cart-line-items-block\" class=\"wp-block-woocommerce-cart-line-items-block\"><\/div>\n\n\n<\/div>\n\n\n\n<div data-block-name=\"woocommerce\/cart-totals-block\" class=\"wp-block-woocommerce-cart-totals-block\">\n<div data-block-name=\"woocommerce\/cart-order-summary-block\" class=\"wp-block-woocommerce-cart-order-summary-block\">\n<div data-block-name=\"woocommerce\/cart-order-summary-heading-block\" data-content=\"Sepet toplamlar\u0131\" class=\"wp-block-woocommerce-cart-order-summary-heading-block\"><\/div>\n\n\n\n<div data-block-name=\"woocommerce\/cart-order-summary-coupon-form-block\" class=\"wp-block-woocommerce-cart-order-summary-coupon-form-block\"><\/div>\n\n\n\n<div data-block-name=\"woocommerce\/cart-order-summary-totals-block\" class=\"wp-block-woocommerce-cart-order-summary-totals-block\">\n<div data-block-name=\"woocommerce\/cart-order-summary-subtotal-block\" class=\"wp-block-woocommerce-cart-order-summary-subtotal-block\"><\/div>\n\n\n\n<div data-block-name=\"woocommerce\/cart-order-summary-fee-block\" class=\"wp-block-woocommerce-cart-order-summary-fee-block\"><\/div>\n\n\n\n<div data-block-name=\"woocommerce\/cart-order-summary-discount-block\" class=\"wp-block-woocommerce-cart-order-summary-discount-block\"><\/div>\n\n\n\n<div data-block-name=\"woocommerce\/cart-order-summary-shipping-block\" class=\"wp-block-woocommerce-cart-order-summary-shipping-block\"><\/div>\n\n\n\n<div data-block-name=\"woocommerce\/cart-order-summary-taxes-block\" class=\"wp-block-woocommerce-cart-order-summary-taxes-block\"><\/div>\n<\/div>\n<\/div>\n\n\n\n<div data-block-name=\"woocommerce\/cart-express-payment-block\" class=\"wp-block-woocommerce-cart-express-payment-block\"><\/div>\n\n\n\n<div data-block-name=\"woocommerce\/proceed-to-checkout-block\" class=\"wp-block-woocommerce-proceed-to-checkout-block\"><\/div>\n\n\n\n<div data-block-name=\"woocommerce\/cart-accepted-payment-methods-block\" class=\"wp-block-woocommerce-cart-accepted-payment-methods-block\"><\/div>\n<\/div>\n<\/div>\n\n\n\n<div data-block-name=\"woocommerce\/empty-cart-block\" class=\"wp-block-woocommerce-empty-cart-block\">\n<h2 class=\"wp-block-heading has-text-align-center with-empty-cart-icon wc-block-cart__empty-cart__title\">Sepetiniz \u015fu anda bo\u015f!<\/h2>\n\n\n\n<hr class=\"wp-block-separator has-alpha-channel-opacity is-style-dots\"\/>\n\n\n\n<h2 class=\"wp-block-heading has-text-align-center\">Ma\u011fazada yeni<\/h2>\n\n\n<div data-block-name=\"woocommerce\/product-new\" data-columns=\"4\" data-rows=\"1\" class=\"wc-block-grid wp-block-product-new wp-block-woocommerce-product-new wc-block-product-new has-4-columns\"><ul class=\"wc-block-grid__products\"><li class=\"wc-block-grid__product\">\n\t\t\t\t<a href=\"https:\/\/akumatik.com.tr\/?product=erdil-aku-12v-72ah-efb-start-stop-sag\" class=\"wc-block-grid__product-link\">\n\t\t\t\t\t\n\t\t\t\t\t<div class=\"wc-block-grid__product-image\"><img loading=\"lazy\" decoding=\"async\" width=\"450\" height=\"450\" src=\"https:\/\/akumatik.com.tr\/wp-content\/uploads\/2025\/10\/logo_erdil-450x450.png\" class=\"attachment-woocommerce_thumbnail size-woocommerce_thumbnail\" alt=\"Erdil Ak\u00fc\" srcset=\"https:\/\/akumatik.com.tr\/wp-content\/uploads\/2025\/10\/logo_erdil-450x450.png 450w, https:\/\/akumatik.com.tr\/wp-content\/uploads\/2025\/10\/logo_erdil-150x150.png 150w, https:\/\/akumatik.com.tr\/wp-content\/uploads\/2025\/10\/logo_erdil-100x100.png 100w\" sizes=\"auto, (max-width: 450px) 100vw, 450px\" \/><\/div>\n\t\t\t\t\t<div class=\"wc-block-grid__product-title\">Erdil Ak\u00fc 12V 72Ah EFB Start-Stop Sa\u011f (+)<\/div>\n\t\t\t\t<\/a>\n\t\t\t\t<div class=\"wc-block-grid__product-price price\"><\/div>\n\t\t\t\t\n\t\t\t\t<div class=\"wp-block-button wc-block-grid__product-add-to-cart\"><a href=\"https:\/\/akumatik.com.tr\/?product=erdil-aku-12v-72ah-efb-start-stop-sag\" aria-label=\"&ldquo;Erdil Ak\u00fc 12V 72Ah EFB Start-Stop Sa\u011f (+)&rdquo; hakk\u0131nda daha fazla bilgi edinin\" data-quantity=\"1\" data-product_id=\"154\" data-product_sku=\"ERDIL-EFB-SS-12V72AH-R\" data-price=\"0\" rel=\"nofollow\" class=\"wp-block-button__link wp-element-button add_to_cart_button\">Devam\u0131n\u0131 oku<\/a><\/div>\n\t\t\t<\/li><li class=\"wc-block-grid__product\">\n\t\t\t\t<a href=\"https:\/\/akumatik.com.tr\/?product=erdil-aku-12v-60ah-efb-start-stop-sag\" class=\"wc-block-grid__product-link\">\n\t\t\t\t\t\n\t\t\t\t\t<div class=\"wc-block-grid__product-image\"><img loading=\"lazy\" decoding=\"async\" width=\"450\" height=\"450\" src=\"https:\/\/akumatik.com.tr\/wp-content\/uploads\/2025\/10\/EFB-OTOMOTIV-70AH-L3-SMF-450x450.jpg\" class=\"attachment-woocommerce_thumbnail size-woocommerce_thumbnail\" alt=\"152 04 070 01\" srcset=\"https:\/\/akumatik.com.tr\/wp-content\/uploads\/2025\/10\/EFB-OTOMOTIV-70AH-L3-SMF-450x450.jpg 450w, https:\/\/akumatik.com.tr\/wp-content\/uploads\/2025\/10\/EFB-OTOMOTIV-70AH-L3-SMF-150x150.jpg 150w, https:\/\/akumatik.com.tr\/wp-content\/uploads\/2025\/10\/EFB-OTOMOTIV-70AH-L3-SMF-100x100.jpg 100w\" sizes=\"auto, (max-width: 450px) 100vw, 450px\" \/><\/div>\n\t\t\t\t\t<div class=\"wc-block-grid__product-title\">Erdil Ak\u00fc 12V 70Ah EFB Start-Stop 152 04 070 01<\/div>\n\t\t\t\t<\/a>\n\t\t\t\t<div class=\"wc-block-grid__product-price price\"><\/div>\n\t\t\t\t\n\t\t\t\t<div class=\"wp-block-button wc-block-grid__product-add-to-cart\"><a href=\"https:\/\/akumatik.com.tr\/?product=erdil-aku-12v-60ah-efb-start-stop-sag\" aria-label=\"&ldquo;Erdil Ak\u00fc 12V 70Ah EFB Start-Stop 152 04 070 01&rdquo; hakk\u0131nda daha fazla bilgi edinin\" data-quantity=\"1\" data-product_id=\"153\" data-product_sku=\"ERDIL-EFB-12V70AH\" data-price=\"0\" rel=\"nofollow\" class=\"wp-block-button__link wp-element-button add_to_cart_button\">Devam\u0131n\u0131 oku<\/a><\/div>\n\t\t\t<\/li><li class=\"wc-block-grid__product\">\n\t\t\t\t<a href=\"https:\/\/akumatik.com.tr\/?product=erdil-aku-12v-90ah-standart-seri-sag\" class=\"wc-block-grid__product-link\">\n\t\t\t\t\t\n\t\t\t\t\t<div class=\"wc-block-grid__product-image\"><img loading=\"lazy\" decoding=\"async\" width=\"450\" height=\"450\" src=\"https:\/\/akumatik.com.tr\/wp-content\/uploads\/2025\/10\/EFB-OTOMOTIV-60AH-L2-SMF-450x450.jpg\" class=\"attachment-woocommerce_thumbnail size-woocommerce_thumbnail\" alt=\"152 04 060 01\" srcset=\"https:\/\/akumatik.com.tr\/wp-content\/uploads\/2025\/10\/EFB-OTOMOTIV-60AH-L2-SMF-450x450.jpg 450w, https:\/\/akumatik.com.tr\/wp-content\/uploads\/2025\/10\/EFB-OTOMOTIV-60AH-L2-SMF-150x150.jpg 150w, https:\/\/akumatik.com.tr\/wp-content\/uploads\/2025\/10\/EFB-OTOMOTIV-60AH-L2-SMF-100x100.jpg 100w\" sizes=\"auto, (max-width: 450px) 100vw, 450px\" \/><\/div>\n\t\t\t\t\t<div class=\"wc-block-grid__product-title\">Erdil Ak\u00fc 12V 60Ah EFB 152 04 060 01<\/div>\n\t\t\t\t<\/a>\n\t\t\t\t<div class=\"wc-block-grid__product-price price\"><\/div>\n\t\t\t\t\n\t\t\t\t<div class=\"wp-block-button wc-block-grid__product-add-to-cart\"><a href=\"https:\/\/akumatik.com.tr\/?product=erdil-aku-12v-90ah-standart-seri-sag\" aria-label=\"&ldquo;Erdil Ak\u00fc 12V 60Ah EFB 152 04 060 01&rdquo; hakk\u0131nda daha fazla bilgi edinin\" data-quantity=\"1\" data-product_id=\"152\" data-product_sku=\"ERDIL-STD-12V90AH-R\" data-price=\"0\" rel=\"nofollow\" class=\"wp-block-button__link wp-element-button add_to_cart_button\">Devam\u0131n\u0131 oku<\/a><\/div>\n\t\t\t<\/li><li class=\"wc-block-grid__product\">\n\t\t\t\t<a href=\"https:\/\/akumatik.com.tr\/?product=erdil-aku-12v-75ah-standart-seri-sag\" class=\"wc-block-grid__product-link\">\n\t\t\t\t\t\n\t\t\t\t\t<div class=\"wc-block-grid__product-image\"><img loading=\"lazy\" decoding=\"async\" width=\"450\" height=\"450\" src=\"https:\/\/akumatik.com.tr\/wp-content\/uploads\/2025\/10\/agm-otomotiv-95ah-l5-vrla-1-450x450.jpg\" class=\"attachment-woocommerce_thumbnail size-woocommerce_thumbnail\" alt=\"152 06 095 01\" srcset=\"https:\/\/akumatik.com.tr\/wp-content\/uploads\/2025\/10\/agm-otomotiv-95ah-l5-vrla-1-450x450.jpg 450w, https:\/\/akumatik.com.tr\/wp-content\/uploads\/2025\/10\/agm-otomotiv-95ah-l5-vrla-1-150x150.jpg 150w, https:\/\/akumatik.com.tr\/wp-content\/uploads\/2025\/10\/agm-otomotiv-95ah-l5-vrla-1-100x100.jpg 100w\" sizes=\"auto, (max-width: 450px) 100vw, 450px\" \/><\/div>\n\t\t\t\t\t<div class=\"wc-block-grid__product-title\">Erdil Ak\u00fc 12V 95Ah AGM 152 06 095 01<\/div>\n\t\t\t\t<\/a>\n\t\t\t\t<div class=\"wc-block-grid__product-price price\"><\/div>\n\t\t\t\t\n\t\t\t\t<div class=\"wp-block-button wc-block-grid__product-add-to-cart\"><a href=\"https:\/\/akumatik.com.tr\/?product=erdil-aku-12v-75ah-standart-seri-sag\" aria-label=\"&ldquo;Erdil Ak\u00fc 12V 95Ah AGM 152 06 095 01&rdquo; hakk\u0131nda daha fazla bilgi edinin\" data-quantity=\"1\" data-product_id=\"151\" data-product_sku=\"ERDIL-STD-12V75AH-R\" data-price=\"0\" rel=\"nofollow\" class=\"wp-block-button__link wp-element-button add_to_cart_button\">Devam\u0131n\u0131 oku<\/a><\/div>\n\t\t\t<\/li><\/ul><\/div><\/div>\n<\/div>\n","protected":false},"excerpt":{"rendered":"","protected":false},"author":1,"featured_media":0,"parent":0,"menu_order":0,"comment_status":"closed","ping_status":"closed","template":"","meta":{"footnotes":""},"class_list":["post-10","page","type-page","status-publish","hentry"],"jetpack_sharing_enabled":true,"_links":{"self":[{"href":"https:\/\/akumatik.com.tr\/index.php?rest_route=\/wp\/v2\/pages\/10","targetHints":{"allow":["GET"]}}],"collection":[{"href":"https:\/\/akumatik.com.tr\/index.php?rest_route=\/wp\/v2\/pages"}],"about":[{"href":"https:\/\/akumatik.com.tr\/index.php?rest_route=\/wp\/v2\/types\/page"}],"author":[{"embeddable":true,"href":"https:\/\/akumatik.com.tr\/index.php?rest_route=\/wp\/v2\/users\/1"}],"replies":[{"embeddable":true,"href":"https:\/\/akumatik.com.tr\/index.php?rest_route=%2Fwp%2Fv2%2Fcomments&post=10"}],"version-history":[{"count":2,"href":"https:\/\/akumatik.com.tr\/index.php?rest_route=\/wp\/v2\/pages\/10\/revisions"}],"predecessor-version":[{"id":171,"href":"https:\/\/akumatik.com.tr\/index.php?rest_route=\/wp\/v2\/pages\/10\/revisions\/171"}],"wp:attachment":[{"href":"https:\/\/akumatik.com.tr\/index.php?rest_route=%2Fwp%2Fv2%2Fmedia&parent=10"}],"curies":[{"name":"wp","href":"https:\/\/api.w.org\/{rel}","templated":true}]}}