{"id":110,"date":"2025-10-17T15:48:33","date_gmt":"2025-10-17T12:48:33","guid":{"rendered":"https:\/\/akumatik.com.tr\/?product=inci-aku-12v-100ah-maxim-a-gorilla-sag"},"modified":"2025-11-10T14:55:05","modified_gmt":"2025-11-10T11:55:05","slug":"inci-aku-12v-100ah-maxim-a-gorilla-sag","status":"publish","type":"product","link":"https:\/\/akumatik.com.tr\/?product=inci-aku-12v-100ah-maxim-a-gorilla-sag","title":{"rendered":"\u0130nci Ak\u00fc 12V 100Ah Maxim A Gorilla Sa\u011f (+)"},"content":{"rendered":"<p>En y\u00fcksek mar\u015f g\u00fcc\u00fc ve \u00e7evrim \u00f6mr\u00fc i\u00e7in tasarlanm\u0131\u015f Maxim A serisi, en zorlu ko\u015fullarda bile arac\u0131n\u0131z\u0131n enerji ihtiyac\u0131n\u0131 kar\u015f\u0131lar.<\/p>\n","protected":false},"excerpt":{"rendered":"<p>\u00dcst segment ve dizel SUV\/hafif ticari ara\u00e7lar i\u00e7in Maxim A. Sa\u011f (+) kutup.<\/p>\n","protected":false},"featured_media":325,"comment_status":"open","ping_status":"closed","template":"","meta":[],"product_brand":[172],"product_cat":[96],"product_tag":[],"class_list":{"0":"post-110","1":"product","2":"type-product","3":"status-publish","4":"has-post-thumbnail","6":"product_brand-inci","7":"product_cat-maxim-a-serisi","9":"first","10":"instock","11":"shipping-taxable","12":"product-type-simple"},"jetpack_sharing_enabled":true,"_links":{"self":[{"href":"https:\/\/akumatik.com.tr\/index.php?rest_route=\/wp\/v2\/product\/110","targetHints":{"allow":["GET"]}}],"collection":[{"href":"https:\/\/akumatik.com.tr\/index.php?rest_route=\/wp\/v2\/product"}],"about":[{"href":"https:\/\/akumatik.com.tr\/index.php?rest_route=\/wp\/v2\/types\/product"}],"replies":[{"embeddable":true,"href":"https:\/\/akumatik.com.tr\/index.php?rest_route=%2Fwp%2Fv2%2Fcomments&post=110"}],"wp:featuredmedia":[{"embeddable":true,"href":"https:\/\/akumatik.com.tr\/index.php?rest_route=\/wp\/v2\/media\/325"}],"wp:attachment":[{"href":"https:\/\/akumatik.com.tr\/index.php?rest_route=%2Fwp%2Fv2%2Fmedia&parent=110"}],"wp:term":[{"taxonomy":"product_brand","embeddable":true,"href":"https:\/\/akumatik.com.tr\/index.php?rest_route=%2Fwp%2Fv2%2Fproduct_brand&post=110"},{"taxonomy":"product_cat","embeddable":true,"href":"https:\/\/akumatik.com.tr\/index.php?rest_route=%2Fwp%2Fv2%2Fproduct_cat&post=110"},{"taxonomy":"product_tag","embeddable":true,"href":"https:\/\/akumatik.com.tr\/index.php?rest_route=%2Fwp%2Fv2%2Fproduct_tag&post=110"}],"curies":[{"name":"wp","href":"https:\/\/api.w.org\/{rel}","templated":true}]}}