{"id":112,"date":"2025-10-17T15:50:24","date_gmt":"2025-10-17T12:50:24","guid":{"rendered":"https:\/\/akumatik.com.tr\/?product=inci-aku-12v-72ah-efb-maxtrema-start-stop-sag"},"modified":"2025-11-09T16:07:41","modified_gmt":"2025-11-09T13:07:41","slug":"inci-aku-12v-72ah-efb-maxtrema-start-stop-sag","status":"publish","type":"product","link":"https:\/\/akumatik.com.tr\/?product=inci-aku-12v-72ah-efb-maxtrema-start-stop-sag","title":{"rendered":"\u0130nci Ak\u00fc 12V 72Ah EFB MAXTREMA Start-Stop Sa\u011f (+)"},"content":{"rendered":"<p>Standart ak\u00fclere g\u00f6re 2 kata kadar daha uzun \u00f6m\u00fcrl\u00fc ve y\u00fcksek \u015farj kabul\u00fcne sahip EFB Start-Stop ak\u00fc.<\/p>\n","protected":false},"excerpt":{"rendered":"<p>Y\u00fcksek donan\u0131ml\u0131 Start-Stop ara\u00e7lar i\u00e7in EFB MAXTREMA. Sa\u011f (+) kutup.<\/p>\n","protected":false},"featured_media":331,"comment_status":"open","ping_status":"closed","template":"","meta":[],"product_brand":[172],"product_cat":[97],"product_tag":[],"class_list":{"0":"post-112","1":"product","2":"type-product","3":"status-publish","4":"has-post-thumbnail","6":"product_brand-inci","7":"product_cat-start-stop-akuleri-agm","9":"first","10":"instock","11":"shipping-taxable","12":"product-type-simple"},"jetpack_sharing_enabled":true,"_links":{"self":[{"href":"https:\/\/akumatik.com.tr\/index.php?rest_route=\/wp\/v2\/product\/112","targetHints":{"allow":["GET"]}}],"collection":[{"href":"https:\/\/akumatik.com.tr\/index.php?rest_route=\/wp\/v2\/product"}],"about":[{"href":"https:\/\/akumatik.com.tr\/index.php?rest_route=\/wp\/v2\/types\/product"}],"replies":[{"embeddable":true,"href":"https:\/\/akumatik.com.tr\/index.php?rest_route=%2Fwp%2Fv2%2Fcomments&post=112"}],"wp:featuredmedia":[{"embeddable":true,"href":"https:\/\/akumatik.com.tr\/index.php?rest_route=\/wp\/v2\/media\/331"}],"wp:attachment":[{"href":"https:\/\/akumatik.com.tr\/index.php?rest_route=%2Fwp%2Fv2%2Fmedia&parent=112"}],"wp:term":[{"taxonomy":"product_brand","embeddable":true,"href":"https:\/\/akumatik.com.tr\/index.php?rest_route=%2Fwp%2Fv2%2Fproduct_brand&post=112"},{"taxonomy":"product_cat","embeddable":true,"href":"https:\/\/akumatik.com.tr\/index.php?rest_route=%2Fwp%2Fv2%2Fproduct_cat&post=112"},{"taxonomy":"product_tag","embeddable":true,"href":"https:\/\/akumatik.com.tr\/index.php?rest_route=%2Fwp%2Fv2%2Fproduct_tag&post=112"}],"curies":[{"name":"wp","href":"https:\/\/api.w.org\/{rel}","templated":true}]}}