{"id":113,"date":"2025-10-17T15:51:11","date_gmt":"2025-10-17T12:51:11","guid":{"rendered":"https:\/\/akumatik.com.tr\/?product=inci-aku-12v-105ah-efb-maxtrema-start-stop-sag"},"modified":"2025-11-10T14:55:22","modified_gmt":"2025-11-10T11:55:22","slug":"inci-aku-12v-105ah-efb-maxtrema-start-stop-sag","status":"publish","type":"product","link":"https:\/\/akumatik.com.tr\/?product=inci-aku-12v-105ah-efb-maxtrema-start-stop-sag","title":{"rendered":"\u0130nci Ak\u00fc 12V 105Ah EFB MAXTREMA Start-Stop Sa\u011f (+)"},"content":{"rendered":"<blockquote><p>A\u011f\u0131r hizmet tipi Start-Stop sistemleri i\u00e7in tasarlanm\u0131\u015f, uzun \u00f6m\u00fcrl\u00fc ve dayan\u0131kl\u0131 EFB ak\u00fc.<\/p><\/blockquote>\n","protected":false},"excerpt":{"rendered":"<p>Ticari Start-Stop ara\u00e7lar i\u00e7in y\u00fcksek kapasiteli EFB MAXTREMA. Sa\u011f (+) kutup.<\/p>\n","protected":false},"featured_media":328,"comment_status":"open","ping_status":"closed","template":"","meta":[],"product_brand":[172],"product_cat":[97],"product_tag":[],"class_list":{"0":"post-113","1":"product","2":"type-product","3":"status-publish","4":"has-post-thumbnail","6":"product_brand-inci","7":"product_cat-start-stop-akuleri-agm","9":"first","10":"instock","11":"shipping-taxable","12":"product-type-simple"},"jetpack_sharing_enabled":true,"_links":{"self":[{"href":"https:\/\/akumatik.com.tr\/index.php?rest_route=\/wp\/v2\/product\/113","targetHints":{"allow":["GET"]}}],"collection":[{"href":"https:\/\/akumatik.com.tr\/index.php?rest_route=\/wp\/v2\/product"}],"about":[{"href":"https:\/\/akumatik.com.tr\/index.php?rest_route=\/wp\/v2\/types\/product"}],"replies":[{"embeddable":true,"href":"https:\/\/akumatik.com.tr\/index.php?rest_route=%2Fwp%2Fv2%2Fcomments&post=113"}],"wp:featuredmedia":[{"embeddable":true,"href":"https:\/\/akumatik.com.tr\/index.php?rest_route=\/wp\/v2\/media\/328"}],"wp:attachment":[{"href":"https:\/\/akumatik.com.tr\/index.php?rest_route=%2Fwp%2Fv2%2Fmedia&parent=113"}],"wp:term":[{"taxonomy":"product_brand","embeddable":true,"href":"https:\/\/akumatik.com.tr\/index.php?rest_route=%2Fwp%2Fv2%2Fproduct_brand&post=113"},{"taxonomy":"product_cat","embeddable":true,"href":"https:\/\/akumatik.com.tr\/index.php?rest_route=%2Fwp%2Fv2%2Fproduct_cat&post=113"},{"taxonomy":"product_tag","embeddable":true,"href":"https:\/\/akumatik.com.tr\/index.php?rest_route=%2Fwp%2Fv2%2Fproduct_tag&post=113"}],"curies":[{"name":"wp","href":"https:\/\/api.w.org\/{rel}","templated":true}]}}