{"id":114,"date":"2025-10-17T15:52:03","date_gmt":"2025-10-17T12:52:03","guid":{"rendered":"https:\/\/akumatik.com.tr\/?product=inci-aku-12v-70ah-agm-start-stop-sag"},"modified":"2025-11-09T15:59:44","modified_gmt":"2025-11-09T12:59:44","slug":"inci-aku-12v-70ah-agm-start-stop-sag","status":"publish","type":"product","link":"https:\/\/akumatik.com.tr\/?product=inci-aku-12v-70ah-agm-start-stop-sag","title":{"rendered":"\u0130nci Ak\u00fc 12V 70Ah AGM Start-Stop Sa\u011f (+)"},"content":{"rendered":"<p>Tamamen s\u0131zd\u0131rmaz VRLA AGM teknolojisi, en y\u00fcksek enerji ihtiyac\u0131na sahip premium Start-Stop ara\u00e7lar i\u00e7in maksimum performans sunar.<\/p>\n","protected":false},"excerpt":{"rendered":"<p>Rejeneratif frenlemeli, premium Start-Stop ara\u00e7lar i\u00e7in AGM. Sa\u011f (+) kutup.<\/p>\n","protected":false},"featured_media":368,"comment_status":"open","ping_status":"closed","template":"","meta":[],"product_brand":[172],"product_cat":[97],"product_tag":[],"class_list":{"0":"post-114","1":"product","2":"type-product","3":"status-publish","4":"has-post-thumbnail","6":"product_brand-inci","7":"product_cat-start-stop-akuleri-agm","9":"first","10":"instock","11":"shipping-taxable","12":"product-type-simple"},"jetpack_sharing_enabled":true,"_links":{"self":[{"href":"https:\/\/akumatik.com.tr\/index.php?rest_route=\/wp\/v2\/product\/114","targetHints":{"allow":["GET"]}}],"collection":[{"href":"https:\/\/akumatik.com.tr\/index.php?rest_route=\/wp\/v2\/product"}],"about":[{"href":"https:\/\/akumatik.com.tr\/index.php?rest_route=\/wp\/v2\/types\/product"}],"replies":[{"embeddable":true,"href":"https:\/\/akumatik.com.tr\/index.php?rest_route=%2Fwp%2Fv2%2Fcomments&post=114"}],"wp:featuredmedia":[{"embeddable":true,"href":"https:\/\/akumatik.com.tr\/index.php?rest_route=\/wp\/v2\/media\/368"}],"wp:attachment":[{"href":"https:\/\/akumatik.com.tr\/index.php?rest_route=%2Fwp%2Fv2%2Fmedia&parent=114"}],"wp:term":[{"taxonomy":"product_brand","embeddable":true,"href":"https:\/\/akumatik.com.tr\/index.php?rest_route=%2Fwp%2Fv2%2Fproduct_brand&post=114"},{"taxonomy":"product_cat","embeddable":true,"href":"https:\/\/akumatik.com.tr\/index.php?rest_route=%2Fwp%2Fv2%2Fproduct_cat&post=114"},{"taxonomy":"product_tag","embeddable":true,"href":"https:\/\/akumatik.com.tr\/index.php?rest_route=%2Fwp%2Fv2%2Fproduct_tag&post=114"}],"curies":[{"name":"wp","href":"https:\/\/api.w.org\/{rel}","templated":true}]}}