{"id":116,"date":"2025-10-17T15:53:04","date_gmt":"2025-10-17T12:53:04","guid":{"rendered":"https:\/\/akumatik.com.tr\/?product=inci-aku-12v-80ah-agm-start-stop-sag"},"modified":"2025-11-06T15:42:34","modified_gmt":"2025-11-06T12:42:34","slug":"inci-aku-12v-80ah-agm-start-stop-sag","status":"publish","type":"product","link":"https:\/\/akumatik.com.tr\/?product=inci-aku-12v-80ah-agm-start-stop-sag","title":{"rendered":"\u0130nci Ak\u00fc 12V 80Ah AGM Start-Stop Sa\u011f (+)"},"content":{"rendered":"<ul>\n<li>Tamamen s\u0131zd\u0131rmaz VRLA AGM teknolojisi, en y\u00fcksek enerji ihtiyac\u0131na sahip premium Start-Stop ara\u00e7lar i\u00e7in maksimum performans ve 3 kata kadar daha uzun \u00e7evrim \u00f6mr\u00fc sunar.<\/li>\n<\/ul>\n","protected":false},"excerpt":{"rendered":"<p>Rejeneratif frenlemeli, premium Start-Stop ara\u00e7lar i\u00e7in AGM. Sa\u011f (+) kutup.<\/p>\n","protected":false},"featured_media":338,"comment_status":"open","ping_status":"closed","template":"","meta":[],"product_brand":[172],"product_cat":[97],"product_tag":[],"class_list":{"0":"post-116","1":"product","2":"type-product","3":"status-publish","4":"has-post-thumbnail","6":"product_brand-inci","7":"product_cat-start-stop-akuleri-agm","9":"first","10":"instock","11":"shipping-taxable","12":"product-type-simple"},"jetpack_sharing_enabled":true,"_links":{"self":[{"href":"https:\/\/akumatik.com.tr\/index.php?rest_route=\/wp\/v2\/product\/116","targetHints":{"allow":["GET"]}}],"collection":[{"href":"https:\/\/akumatik.com.tr\/index.php?rest_route=\/wp\/v2\/product"}],"about":[{"href":"https:\/\/akumatik.com.tr\/index.php?rest_route=\/wp\/v2\/types\/product"}],"replies":[{"embeddable":true,"href":"https:\/\/akumatik.com.tr\/index.php?rest_route=%2Fwp%2Fv2%2Fcomments&post=116"}],"wp:featuredmedia":[{"embeddable":true,"href":"https:\/\/akumatik.com.tr\/index.php?rest_route=\/wp\/v2\/media\/338"}],"wp:attachment":[{"href":"https:\/\/akumatik.com.tr\/index.php?rest_route=%2Fwp%2Fv2%2Fmedia&parent=116"}],"wp:term":[{"taxonomy":"product_brand","embeddable":true,"href":"https:\/\/akumatik.com.tr\/index.php?rest_route=%2Fwp%2Fv2%2Fproduct_brand&post=116"},{"taxonomy":"product_cat","embeddable":true,"href":"https:\/\/akumatik.com.tr\/index.php?rest_route=%2Fwp%2Fv2%2Fproduct_cat&post=116"},{"taxonomy":"product_tag","embeddable":true,"href":"https:\/\/akumatik.com.tr\/index.php?rest_route=%2Fwp%2Fv2%2Fproduct_tag&post=116"}],"curies":[{"name":"wp","href":"https:\/\/api.w.org\/{rel}","templated":true}]}}