{"id":128,"date":"2025-10-17T16:21:37","date_gmt":"2025-10-17T13:21:37","guid":{"rendered":"https:\/\/akumatik.com.tr\/?product=varta-12v-60ah-blue-dynamic-sol-ters-kutup"},"modified":"2025-11-09T13:37:36","modified_gmt":"2025-11-09T10:37:36","slug":"varta-12v-60ah-blue-dynamic-sol-ters-kutup","status":"publish","type":"product","link":"https:\/\/akumatik.com.tr\/?product=varta-12v-60ah-blue-dynamic-sol-ters-kutup","title":{"rendered":"Varta 12V 60Ah Blue Dynamic Sol (+) (Ters Kutup)"},"content":{"rendered":"<p>Ters kutup (Sol +) ba\u011flant\u0131s\u0131na sahip, PowerFrame\u00ae \u0131zgara teknolojili, g\u00fcvenilir mar\u015f g\u00fcc\u00fc ve uzun \u00f6m\u00fcr sunan Blue Dynamic ak\u00fc.<\/p>\n","protected":false},"excerpt":{"rendered":"<p>Ters kutup ba\u011flant\u0131l\u0131 ara\u00e7lar i\u00e7in Blue Dynamic serisi. Sol (+) kutup.<\/p>\n","protected":false},"featured_media":313,"comment_status":"open","ping_status":"closed","template":"","meta":[],"product_brand":[170],"product_cat":[125],"product_tag":[],"class_list":{"0":"post-128","1":"product","2":"type-product","3":"status-publish","4":"has-post-thumbnail","6":"product_brand-varta","7":"product_cat-blue-dynamic-serisi","9":"first","10":"instock","11":"shipping-taxable","12":"product-type-simple"},"jetpack_sharing_enabled":true,"_links":{"self":[{"href":"https:\/\/akumatik.com.tr\/index.php?rest_route=\/wp\/v2\/product\/128","targetHints":{"allow":["GET"]}}],"collection":[{"href":"https:\/\/akumatik.com.tr\/index.php?rest_route=\/wp\/v2\/product"}],"about":[{"href":"https:\/\/akumatik.com.tr\/index.php?rest_route=\/wp\/v2\/types\/product"}],"replies":[{"embeddable":true,"href":"https:\/\/akumatik.com.tr\/index.php?rest_route=%2Fwp%2Fv2%2Fcomments&post=128"}],"wp:featuredmedia":[{"embeddable":true,"href":"https:\/\/akumatik.com.tr\/index.php?rest_route=\/wp\/v2\/media\/313"}],"wp:attachment":[{"href":"https:\/\/akumatik.com.tr\/index.php?rest_route=%2Fwp%2Fv2%2Fmedia&parent=128"}],"wp:term":[{"taxonomy":"product_brand","embeddable":true,"href":"https:\/\/akumatik.com.tr\/index.php?rest_route=%2Fwp%2Fv2%2Fproduct_brand&post=128"},{"taxonomy":"product_cat","embeddable":true,"href":"https:\/\/akumatik.com.tr\/index.php?rest_route=%2Fwp%2Fv2%2Fproduct_cat&post=128"},{"taxonomy":"product_tag","embeddable":true,"href":"https:\/\/akumatik.com.tr\/index.php?rest_route=%2Fwp%2Fv2%2Fproduct_tag&post=128"}],"curies":[{"name":"wp","href":"https:\/\/api.w.org\/{rel}","templated":true}]}}