{"id":131,"date":"2025-10-17T16:24:26","date_gmt":"2025-10-17T13:24:26","guid":{"rendered":"https:\/\/akumatik.com.tr\/?product=varta-12v-100ah-silver-dynamic-sag"},"modified":"2025-11-08T23:08:32","modified_gmt":"2025-11-08T20:08:32","slug":"varta-12v-100ah-silver-dynamic-sag","status":"publish","type":"product","link":"https:\/\/akumatik.com.tr\/?product=varta-12v-100ah-silver-dynamic-sag","title":{"rendered":"Varta 12V 100Ah Silver Dynamic Sa\u011f (+)"},"content":{"rendered":"<p>En y\u00fcksek enerji ihtiyac\u0131na sahip, standart (Start-Stop olmayan) ara\u00e7lar i\u00e7in tasarlanm\u0131\u015f maksimum performansl\u0131 ak\u00fc.<\/p>\n","protected":false},"excerpt":{"rendered":"<p>L\u00fcks segment ve dizel SUV&#8217;ler i\u00e7in Silver Dynamic. Sa\u011f (+) kutup.<\/p>\n","protected":false},"featured_media":358,"comment_status":"open","ping_status":"closed","template":"","meta":[],"product_brand":[170],"product_cat":[126],"product_tag":[],"class_list":{"0":"post-131","1":"product","2":"type-product","3":"status-publish","4":"has-post-thumbnail","6":"product_brand-varta","7":"product_cat-silver-dynamic-serisi","9":"first","10":"instock","11":"shipping-taxable","12":"product-type-simple"},"jetpack_sharing_enabled":true,"_links":{"self":[{"href":"https:\/\/akumatik.com.tr\/index.php?rest_route=\/wp\/v2\/product\/131","targetHints":{"allow":["GET"]}}],"collection":[{"href":"https:\/\/akumatik.com.tr\/index.php?rest_route=\/wp\/v2\/product"}],"about":[{"href":"https:\/\/akumatik.com.tr\/index.php?rest_route=\/wp\/v2\/types\/product"}],"replies":[{"embeddable":true,"href":"https:\/\/akumatik.com.tr\/index.php?rest_route=%2Fwp%2Fv2%2Fcomments&post=131"}],"wp:featuredmedia":[{"embeddable":true,"href":"https:\/\/akumatik.com.tr\/index.php?rest_route=\/wp\/v2\/media\/358"}],"wp:attachment":[{"href":"https:\/\/akumatik.com.tr\/index.php?rest_route=%2Fwp%2Fv2%2Fmedia&parent=131"}],"wp:term":[{"taxonomy":"product_brand","embeddable":true,"href":"https:\/\/akumatik.com.tr\/index.php?rest_route=%2Fwp%2Fv2%2Fproduct_brand&post=131"},{"taxonomy":"product_cat","embeddable":true,"href":"https:\/\/akumatik.com.tr\/index.php?rest_route=%2Fwp%2Fv2%2Fproduct_cat&post=131"},{"taxonomy":"product_tag","embeddable":true,"href":"https:\/\/akumatik.com.tr\/index.php?rest_route=%2Fwp%2Fv2%2Fproduct_tag&post=131"}],"curies":[{"name":"wp","href":"https:\/\/api.w.org\/{rel}","templated":true}]}}