{"id":140,"date":"2025-10-17T16:34:05","date_gmt":"2025-10-17T13:34:05","guid":{"rendered":"https:\/\/akumatik.com.tr\/?product=varta-12v-225ah-promotive-efb-agir-vasita"},"modified":"2025-11-08T13:38:50","modified_gmt":"2025-11-08T10:38:50","slug":"varta-12v-225ah-promotive-efb-agir-vasita","status":"publish","type":"product","link":"https:\/\/akumatik.com.tr\/?product=varta-12v-225ah-promotive-efb-agir-vasita","title":{"rendered":"Varta 12V 225Ah ProMotive EFB A\u011f\u0131r Vas\u0131ta"},"content":{"rendered":"<p>A\u011f\u0131r vas\u0131talar i\u00e7in geli\u015ftirilmi\u015f EFB teknolojisi, s\u0131k dur-kalk yapan, otelcilik fonksiyonlar\u0131 olan ve titre\u015fimin yo\u011fun oldu\u011fu ara\u00e7lar i\u00e7in idealdir.<\/p>\n","protected":false},"excerpt":{"rendered":"<p>Yeni nesil, y\u00fcksek donan\u0131ml\u0131 ve Start-Stop&#8217;lu kamyonlar i\u00e7in EFB.<\/p>\n","protected":false},"featured_media":308,"comment_status":"open","ping_status":"closed","template":"","meta":[],"product_brand":[170],"product_cat":[28],"product_tag":[],"class_list":{"0":"post-140","1":"product","2":"type-product","3":"status-publish","4":"has-post-thumbnail","6":"product_brand-varta","7":"product_cat-agir-vasita-akuleri","9":"first","10":"instock","11":"shipping-taxable","12":"product-type-simple"},"jetpack_sharing_enabled":true,"_links":{"self":[{"href":"https:\/\/akumatik.com.tr\/index.php?rest_route=\/wp\/v2\/product\/140","targetHints":{"allow":["GET"]}}],"collection":[{"href":"https:\/\/akumatik.com.tr\/index.php?rest_route=\/wp\/v2\/product"}],"about":[{"href":"https:\/\/akumatik.com.tr\/index.php?rest_route=\/wp\/v2\/types\/product"}],"replies":[{"embeddable":true,"href":"https:\/\/akumatik.com.tr\/index.php?rest_route=%2Fwp%2Fv2%2Fcomments&post=140"}],"wp:featuredmedia":[{"embeddable":true,"href":"https:\/\/akumatik.com.tr\/index.php?rest_route=\/wp\/v2\/media\/308"}],"wp:attachment":[{"href":"https:\/\/akumatik.com.tr\/index.php?rest_route=%2Fwp%2Fv2%2Fmedia&parent=140"}],"wp:term":[{"taxonomy":"product_brand","embeddable":true,"href":"https:\/\/akumatik.com.tr\/index.php?rest_route=%2Fwp%2Fv2%2Fproduct_brand&post=140"},{"taxonomy":"product_cat","embeddable":true,"href":"https:\/\/akumatik.com.tr\/index.php?rest_route=%2Fwp%2Fv2%2Fproduct_cat&post=140"},{"taxonomy":"product_tag","embeddable":true,"href":"https:\/\/akumatik.com.tr\/index.php?rest_route=%2Fwp%2Fv2%2Fproduct_tag&post=140"}],"curies":[{"name":"wp","href":"https:\/\/api.w.org\/{rel}","templated":true}]}}