{"id":148,"date":"2025-10-17T16:41:41","date_gmt":"2025-10-17T13:41:41","guid":{"rendered":"https:\/\/akumatik.com.tr\/?product=erdil-aku-12v-60ah-standart-seri-sag"},"modified":"2025-11-10T14:51:16","modified_gmt":"2025-11-10T11:51:16","slug":"erdil-aku-12v-60ah-standart-seri-sag","status":"publish","type":"product","link":"https:\/\/akumatik.com.tr\/?product=erdil-aku-12v-60ah-standart-seri-sag","title":{"rendered":"Erdil Ak\u00fc 12V 60Ah AGM 152 06 060 01"},"content":{"rendered":"<p>Erdil Ak\u00fc&#8217;n\u00fcn standart seri ak\u00fcleri, binek ve hafif ticari ara\u00e7lar\u0131n temel enerji ihtiya\u00e7lar\u0131n\u0131 kar\u015f\u0131lamak \u00fczere tasarlanm\u0131\u015ft\u0131r. Bak\u0131m gerektirmeyen yap\u0131s\u0131 ve g\u00fcvenilir mar\u015f g\u00fcc\u00fc ile iyi bir fiyat\/performans oran\u0131 sunar.<\/p>\n<p>152 06 060 01<\/p>\n<p>&nbsp;<\/p>\n<table width=\"761\">\n<tbody>\n<tr>\n<td width=\"89\">\u00dcr\u00fcn No<\/td>\n<td width=\"62\">BoxType<\/td>\n<td width=\"60\">Lid Type<\/td>\n<td width=\"34\">Volt<\/td>\n<td width=\"50\">Amper<\/td>\n<td width=\"39\">A-EN<\/td>\n<td width=\"46\">A-SAE<\/td>\n<td width=\"29\">l<\/td>\n<td width=\"29\">w<\/td>\n<td width=\"29\">h<\/td>\n<td width=\"50\">t. Type<\/td>\n<td width=\"72\">layout<\/td>\n<td width=\"75\">hold down<\/td>\n<td width=\"97\"><\/td>\n<\/tr>\n<tr>\n<td width=\"89\">152 06 060 01<\/td>\n<td width=\"62\">L2<\/td>\n<td width=\"60\">VRLA<\/td>\n<td>12<\/td>\n<td>60<\/td>\n<td>640<\/td>\n<td>680<\/td>\n<td>242<\/td>\n<td>175<\/td>\n<td>190<\/td>\n<td width=\"50\">STD<\/td>\n<td>0<\/td>\n<td width=\"75\">B13<\/td>\n<td>agm<\/td>\n<\/tr>\n<\/tbody>\n<\/table>\n","protected":false},"excerpt":{"rendered":"<p>Standart binek ara\u00e7lar i\u00e7in ekonomik ve g\u00fcvenilir ak\u00fc. Sa\u011f (+) kutup.<\/p>\n","protected":false},"featured_media":185,"comment_status":"open","ping_status":"closed","template":"","meta":[],"product_brand":[169],"product_cat":[97],"product_tag":[],"class_list":{"0":"post-148","1":"product","2":"type-product","3":"status-publish","4":"has-post-thumbnail","6":"product_brand-erdil","7":"product_cat-start-stop-akuleri-agm","9":"first","10":"instock","11":"shipping-taxable","12":"product-type-simple"},"jetpack_sharing_enabled":true,"_links":{"self":[{"href":"https:\/\/akumatik.com.tr\/index.php?rest_route=\/wp\/v2\/product\/148","targetHints":{"allow":["GET"]}}],"collection":[{"href":"https:\/\/akumatik.com.tr\/index.php?rest_route=\/wp\/v2\/product"}],"about":[{"href":"https:\/\/akumatik.com.tr\/index.php?rest_route=\/wp\/v2\/types\/product"}],"replies":[{"embeddable":true,"href":"https:\/\/akumatik.com.tr\/index.php?rest_route=%2Fwp%2Fv2%2Fcomments&post=148"}],"wp:featuredmedia":[{"embeddable":true,"href":"https:\/\/akumatik.com.tr\/index.php?rest_route=\/wp\/v2\/media\/185"}],"wp:attachment":[{"href":"https:\/\/akumatik.com.tr\/index.php?rest_route=%2Fwp%2Fv2%2Fmedia&parent=148"}],"wp:term":[{"taxonomy":"product_brand","embeddable":true,"href":"https:\/\/akumatik.com.tr\/index.php?rest_route=%2Fwp%2Fv2%2Fproduct_brand&post=148"},{"taxonomy":"product_cat","embeddable":true,"href":"https:\/\/akumatik.com.tr\/index.php?rest_route=%2Fwp%2Fv2%2Fproduct_cat&post=148"},{"taxonomy":"product_tag","embeddable":true,"href":"https:\/\/akumatik.com.tr\/index.php?rest_route=%2Fwp%2Fv2%2Fproduct_tag&post=148"}],"curies":[{"name":"wp","href":"https:\/\/api.w.org\/{rel}","templated":true}]}}