{"id":83,"date":"2025-10-17T15:09:44","date_gmt":"2025-10-17T12:09:44","guid":{"rendered":"https:\/\/akumatik.com.tr\/?product=mutlu-aku-12v-60ah-540a-sfb-seri-2"},"modified":"2025-11-09T22:46:16","modified_gmt":"2025-11-09T19:46:16","slug":"mutlu-aku-12v-60ah-540a-sfb-seri-2","status":"publish","type":"product","link":"https:\/\/akumatik.com.tr\/?product=mutlu-aku-12v-60ah-540a-sfb-seri-2","title":{"rendered":"Mutlu Ak\u00fc 12V 60Ah 540A SFB Seri 2"},"content":{"rendered":"<p>Mutlu Ak\u00fc&#8217;n\u00fcn SFB teknolojisi, standart ak\u00fclere g\u00f6re daha y\u00fcksek performans ve \u00e7evrim \u00f6mr\u00fc sunar. Bak\u0131m gerektirmeyen yap\u0131s\u0131 ve titre\u015fime kar\u015f\u0131 dayan\u0131kl\u0131l\u0131\u011f\u0131 ile en yayg\u0131n ara\u00e7 tipleri i\u00e7in ideal bir se\u00e7imdir.<\/p>\n","protected":false},"excerpt":{"rendered":"<p>Standart binek ve hafif ticari ara\u00e7lar i\u00e7in geli\u015ftirilmi\u015f, SFB (Superior Flooded Battery) teknolojisine sahip, uzun \u00f6m\u00fcrl\u00fc ve g\u00fcvenilir ak\u00fc.<\/p>\n","protected":false},"featured_media":245,"comment_status":"open","ping_status":"closed","template":"","meta":[],"product_brand":[171],"product_cat":[25],"product_tag":[],"class_list":{"0":"post-83","1":"product","2":"type-product","3":"status-publish","4":"has-post-thumbnail","6":"product_brand-mutlu","7":"product_cat-sfb-standart-akuler","9":"first","10":"instock","11":"shipping-taxable","12":"product-type-simple"},"jetpack_sharing_enabled":true,"_links":{"self":[{"href":"https:\/\/akumatik.com.tr\/index.php?rest_route=\/wp\/v2\/product\/83","targetHints":{"allow":["GET"]}}],"collection":[{"href":"https:\/\/akumatik.com.tr\/index.php?rest_route=\/wp\/v2\/product"}],"about":[{"href":"https:\/\/akumatik.com.tr\/index.php?rest_route=\/wp\/v2\/types\/product"}],"replies":[{"embeddable":true,"href":"https:\/\/akumatik.com.tr\/index.php?rest_route=%2Fwp%2Fv2%2Fcomments&post=83"}],"wp:featuredmedia":[{"embeddable":true,"href":"https:\/\/akumatik.com.tr\/index.php?rest_route=\/wp\/v2\/media\/245"}],"wp:attachment":[{"href":"https:\/\/akumatik.com.tr\/index.php?rest_route=%2Fwp%2Fv2%2Fmedia&parent=83"}],"wp:term":[{"taxonomy":"product_brand","embeddable":true,"href":"https:\/\/akumatik.com.tr\/index.php?rest_route=%2Fwp%2Fv2%2Fproduct_brand&post=83"},{"taxonomy":"product_cat","embeddable":true,"href":"https:\/\/akumatik.com.tr\/index.php?rest_route=%2Fwp%2Fv2%2Fproduct_cat&post=83"},{"taxonomy":"product_tag","embeddable":true,"href":"https:\/\/akumatik.com.tr\/index.php?rest_route=%2Fwp%2Fv2%2Fproduct_tag&post=83"}],"curies":[{"name":"wp","href":"https:\/\/api.w.org\/{rel}","templated":true}]}}