{"id":87,"date":"2025-10-17T15:14:54","date_gmt":"2025-10-17T12:14:54","guid":{"rendered":"https:\/\/akumatik.com.tr\/?product=mutlu-aku-12v-65ah-550a-sfb-asya-tipi"},"modified":"2025-11-09T21:33:57","modified_gmt":"2025-11-09T18:33:57","slug":"mutlu-aku-12v-65ah-550a-sfb-asya-tipi","status":"publish","type":"product","link":"https:\/\/akumatik.com.tr\/?product=mutlu-aku-12v-65ah-550a-sfb-asya-tipi","title":{"rendered":"Mutlu Ak\u00fc 12V 65Ah 550A SFB Asya Tipi"},"content":{"rendered":"<p>Orijinal ekipman standartlar\u0131nda \u00fcretilmi\u015f olup, arac\u0131n\u0131z\u0131n elektrik sistemine tam uyum sa\u011flar. Y\u00fcksek mar\u015f g\u00fcc\u00fc ve dayan\u0131kl\u0131l\u0131k sunar.<\/p>\n","protected":false},"excerpt":{"rendered":"<p>Asya men\u015feli sedan ve SUV ara\u00e7lar i\u00e7in y\u00fcksek performansl\u0131, JIS standartlar\u0131nda SFB ak\u00fc.<\/p>\n","protected":false},"featured_media":213,"comment_status":"open","ping_status":"closed","template":"","meta":[],"product_brand":[171],"product_cat":[26],"product_tag":[],"class_list":{"0":"post-87","1":"product","2":"type-product","3":"status-publish","4":"has-post-thumbnail","6":"product_brand-mutlu","7":"product_cat-asya-tipi-jis-akuler","9":"first","10":"instock","11":"shipping-taxable","12":"product-type-simple"},"jetpack_sharing_enabled":true,"_links":{"self":[{"href":"https:\/\/akumatik.com.tr\/index.php?rest_route=\/wp\/v2\/product\/87","targetHints":{"allow":["GET"]}}],"collection":[{"href":"https:\/\/akumatik.com.tr\/index.php?rest_route=\/wp\/v2\/product"}],"about":[{"href":"https:\/\/akumatik.com.tr\/index.php?rest_route=\/wp\/v2\/types\/product"}],"replies":[{"embeddable":true,"href":"https:\/\/akumatik.com.tr\/index.php?rest_route=%2Fwp%2Fv2%2Fcomments&post=87"}],"wp:featuredmedia":[{"embeddable":true,"href":"https:\/\/akumatik.com.tr\/index.php?rest_route=\/wp\/v2\/media\/213"}],"wp:attachment":[{"href":"https:\/\/akumatik.com.tr\/index.php?rest_route=%2Fwp%2Fv2%2Fmedia&parent=87"}],"wp:term":[{"taxonomy":"product_brand","embeddable":true,"href":"https:\/\/akumatik.com.tr\/index.php?rest_route=%2Fwp%2Fv2%2Fproduct_brand&post=87"},{"taxonomy":"product_cat","embeddable":true,"href":"https:\/\/akumatik.com.tr\/index.php?rest_route=%2Fwp%2Fv2%2Fproduct_cat&post=87"},{"taxonomy":"product_tag","embeddable":true,"href":"https:\/\/akumatik.com.tr\/index.php?rest_route=%2Fwp%2Fv2%2Fproduct_tag&post=87"}],"curies":[{"name":"wp","href":"https:\/\/api.w.org\/{rel}","templated":true}]}}