{"id":88,"date":"2025-10-17T15:16:30","date_gmt":"2025-10-17T12:16:30","guid":{"rendered":"https:\/\/akumatik.com.tr\/?product=mutlu-aku-12v-70ah-680a-efb-start-stop"},"modified":"2025-11-09T21:11:00","modified_gmt":"2025-11-09T18:11:00","slug":"mutlu-aku-12v-70ah-680a-efb-start-stop","status":"publish","type":"product","link":"https:\/\/akumatik.com.tr\/?product=mutlu-aku-12v-70ah-680a-efb-start-stop","title":{"rendered":"Mutlu Ak\u00fc 12V 70Ah 680A EFB Start-Stop"},"content":{"rendered":"<p>Start-Stop sistemlerinin s\u0131k\u00e7a devreye girip \u00e7\u0131kmas\u0131ndan kaynaklanan y\u00fcksek \u015farj-de\u015farj d\u00f6ng\u00fcs\u00fcne dayan\u0131kl\u0131 olarak tasarlanm\u0131\u015ft\u0131r. Standart ak\u00fclere g\u00f6re 3 kata kadar daha uzun \u00e7evrim \u00f6mr\u00fc sunar.<\/p>\n","protected":false},"excerpt":{"rendered":"<p>Start-Stop teknolojisine sahip ara\u00e7lar i\u00e7in \u00f6zel olarak geli\u015ftirilmi\u015f, EFB (Enhanced Flooded Battery) teknolojili ak\u00fc.<\/p>\n","protected":false},"featured_media":241,"comment_status":"open","ping_status":"closed","template":"","meta":[],"product_brand":[171],"product_cat":[21],"product_tag":[],"class_list":{"0":"post-88","1":"product","2":"type-product","3":"status-publish","4":"has-post-thumbnail","6":"product_brand-mutlu","7":"product_cat-genel","9":"first","10":"instock","11":"shipping-taxable","12":"product-type-simple"},"jetpack_sharing_enabled":true,"_links":{"self":[{"href":"https:\/\/akumatik.com.tr\/index.php?rest_route=\/wp\/v2\/product\/88","targetHints":{"allow":["GET"]}}],"collection":[{"href":"https:\/\/akumatik.com.tr\/index.php?rest_route=\/wp\/v2\/product"}],"about":[{"href":"https:\/\/akumatik.com.tr\/index.php?rest_route=\/wp\/v2\/types\/product"}],"replies":[{"embeddable":true,"href":"https:\/\/akumatik.com.tr\/index.php?rest_route=%2Fwp%2Fv2%2Fcomments&post=88"}],"wp:featuredmedia":[{"embeddable":true,"href":"https:\/\/akumatik.com.tr\/index.php?rest_route=\/wp\/v2\/media\/241"}],"wp:attachment":[{"href":"https:\/\/akumatik.com.tr\/index.php?rest_route=%2Fwp%2Fv2%2Fmedia&parent=88"}],"wp:term":[{"taxonomy":"product_brand","embeddable":true,"href":"https:\/\/akumatik.com.tr\/index.php?rest_route=%2Fwp%2Fv2%2Fproduct_brand&post=88"},{"taxonomy":"product_cat","embeddable":true,"href":"https:\/\/akumatik.com.tr\/index.php?rest_route=%2Fwp%2Fv2%2Fproduct_cat&post=88"},{"taxonomy":"product_tag","embeddable":true,"href":"https:\/\/akumatik.com.tr\/index.php?rest_route=%2Fwp%2Fv2%2Fproduct_tag&post=88"}],"curies":[{"name":"wp","href":"https:\/\/api.w.org\/{rel}","templated":true}]}}