{"id":98,"date":"2025-10-17T15:29:11","date_gmt":"2025-10-17T12:29:11","guid":{"rendered":"https:\/\/akumatik.com.tr\/?product=mutlu-12v-200ah-vrla-agm-stasyoner-aku"},"modified":"2025-11-02T19:45:06","modified_gmt":"2025-11-02T16:45:06","slug":"mutlu-12v-200ah-vrla-agm-stasyoner-aku","status":"publish","type":"product","link":"https:\/\/akumatik.com.tr\/?product=mutlu-12v-200ah-vrla-agm-stasyoner-aku","title":{"rendered":"mutlu_B20.42.035.G"},"content":{"rendered":"<blockquote><p>3 mutlu_B20.42.035.G<\/p>\n<p>Mutlu SFB Japon Tip Ak\u00fcler, genellikle Asya k\u00f6kenli ara\u00e7larda kullan\u0131l\u0131r ve ara\u00e7 motoruna \u00e7al\u0131\u015fmas\u0131 i\u00e7in gereken g\u00fcc\u00fc sunarlar. Motor \u00e7al\u0131\u015fmad\u0131\u011f\u0131 zamanlarda ise ara\u00e7 i\u00e7i elektriksel donan\u0131mlar\u0131n enerji ihtiyac\u0131n\u0131 kar\u015f\u0131larlar. Standart \u00f6zellikli binek ara\u00e7lardan, pick up, panelvan ve minib\u00fcslere kadar geni\u015f bir kullan\u0131m alan\u0131nda tercih edilen SFB Japon Tip Ak\u00fcler, ara\u00e7 \u00fcreticilerinin teknik ve \u00fcst\u00fcn performans beklentilerini kar\u015f\u0131layan \u00f6zellikleriyle g\u00fcvenilir \u00e7\u00f6z\u00fcm orta\u011f\u0131d\u0131r. Mutlu SFB Japon Tip Ak\u00fcler, tam kapal\u0131 kapak sistemi ve bak\u0131m gerektirmeyen \u00fcr\u00fcn teknolojileriyle kullan\u0131m kolayl\u0131\u011f\u0131 sa\u011flar. Zorlu iklim \u015fartlar\u0131nda standart ak\u00fclere g\u00f6re daha fazla performans sunan SFB Japon Tip Ak\u00fcler, ayn\u0131 zamanda y\u00fcksek titre\u015fim dayan\u0131m\u0131yla farkl\u0131 yol ko\u015fullar\u0131nda sorunsuzca kullan\u0131labilmektedirler. Standart ak\u00fclere g\u00f6re %25\u2019e kadar daha y\u00fcksek performansa sahip Mutlu SFB Japon Tip Ak\u00fclerde; \u00f6zel kapak i\u00e7i labirent yap\u0131, alev tutucu filtre, \u00f6zel ergonomik kulp ve ak\u00fc \u015farj seviyesini g\u00f6steren indikat\u00f6r yer al\u0131r.<\/p>\n<p>&nbsp;<\/p>\n<p>Mutlu SFB Japon Tip Ak\u00fcler, Start-Stop \u00f6zelli\u011fi olmayan standart binek ara\u00e7lar\u0131n yo\u011fun enerji ihtiya\u00e7lar\u0131n\u0131 kar\u015f\u0131lar. Y\u00fcksek titre\u015fim dayan\u0131m\u0131 ve mar\u015f basma g\u00fcc\u00fcyle de pick up ara\u00e7larda kullan\u0131m i\u00e7in uygundur. Bir\u00e7ok i\u015f kolunda kullan\u0131lan panelvan ve minivan ara\u00e7larda ise uzun \u00e7evrim \u00f6mr\u00fc ile kullan\u0131c\u0131 dostudur. Mutlu SFB Japon Tip Ak\u00fcler, kamyonetlerde de \u00fcst\u00fcn performans sa\u011flar. \u00a0Yo\u011fun \u00e7al\u0131\u015fma saatleri ve y\u00fcksek enerji gereksinimleri olan minib\u00fcsler i\u00e7in de uzun \u00f6m\u00fcrl\u00fc Mutlu SFB Japon Tip Ak\u00fcler tercih edilir. Mutlu SFB Japon Tip Ak\u00fclerin di\u011fer bir kullan\u0131m alan\u0131 da jenerat\u00f6rlerdir.<\/p><\/blockquote>\n<ul>\n<li>Asya k\u00f6kenli standart \u00f6zellikli ara\u00e7lar\u0131n elektriksel gereksinimlerini kar\u015f\u0131lamak \u00fczere geli\u015ftirilmi\u015f, uzun \u00f6m\u00fcrl\u00fc \u00fcr\u00fcn teknolojisi<\/li>\n<li>Zorlu iklim ko\u015fullar\u0131nda ihtiya\u00e7 duyulan y\u00fcksek mar\u015f g\u00fcc\u00fc<\/li>\n<li>Ara\u00e7 \u00fcreticilerinin teknik ve \u00fcst\u00fcn performans beklentilerini kar\u015f\u0131layan geni\u015f \u00fcr\u00fcn gam\u0131<\/li>\n<\/ul>\n<div class=\"col\">\n<div class=\"item\">\n<div class=\"title\">Kapasite (Ah)<\/div>\n<div class=\"content\">42<\/div>\n<\/div>\n<div class=\"item\">\n<div class=\"title\">CCA EN (A)<\/div>\n<div class=\"content\">350<\/div>\n<\/div>\n<div class=\"item\">\n<div class=\"title\">CCA SAE (A)<\/div>\n<div class=\"content\">390<\/div>\n<\/div>\n<div class=\"item\">\n<div class=\"title\">Montaj \u015eekli<\/div>\n<div class=\"content\">0<\/div>\n<\/div>\n<div class=\"item\">\n<div class=\"title\">Kutuplar<\/div>\n<div class=\"content\">3<\/div>\n<\/div>\n<div class=\"item\">\n<div class=\"title\">Alt Ba\u011flant\u0131<\/div>\n<div class=\"content\">B01<\/div>\n<\/div>\n<\/div>\n<div class=\"col\">\n<div class=\"item\">\n<div class=\"title\">Voltaj (V)<\/div>\n<div class=\"content\">12<\/div>\n<\/div>\n<div class=\"item\">\n<div class=\"title\">Kutu<\/div>\n<div class=\"content\">B20 (NS40)<\/div>\n<\/div>\n<div class=\"item\">\n<div class=\"title\">Uzunluk (mm)<\/div>\n<div class=\"content\">196<\/div>\n<\/div>\n<div class=\"item\">\n<div class=\"title\">Geni\u015flik (mm)<\/div>\n<div class=\"content\">134<\/div>\n<\/div>\n<div class=\"item\">\n<div class=\"title\">Y\u00fckseklik (mm)<\/div>\n<div class=\"content\">222<\/div>\n<\/div>\n<div class=\"item\">\n<div class=\"title\">A\u011f\u0131rl\u0131k (kg)<\/div>\n<div class=\"content\">10.3<\/div>\n<\/div>\n<\/div>\n","protected":false},"excerpt":{"rendered":"<p>Alarm, g\u00fcvenlik sistemleri, santraller ve acil ayd\u0131nlatma i\u00e7in VRLA AGM teknolojili Stasyoner Ak\u00fc.<\/p>\n","protected":false},"featured_media":256,"comment_status":"open","ping_status":"closed","template":"","meta":[],"product_brand":[171],"product_cat":[25],"product_tag":[],"class_list":{"0":"post-98","1":"product","2":"type-product","3":"status-publish","4":"has-post-thumbnail","6":"product_brand-mutlu","7":"product_cat-sfb-standart-akuler","9":"first","10":"instock","11":"shipping-taxable","12":"product-type-simple"},"jetpack_sharing_enabled":true,"_links":{"self":[{"href":"https:\/\/akumatik.com.tr\/index.php?rest_route=\/wp\/v2\/product\/98","targetHints":{"allow":["GET"]}}],"collection":[{"href":"https:\/\/akumatik.com.tr\/index.php?rest_route=\/wp\/v2\/product"}],"about":[{"href":"https:\/\/akumatik.com.tr\/index.php?rest_route=\/wp\/v2\/types\/product"}],"replies":[{"embeddable":true,"href":"https:\/\/akumatik.com.tr\/index.php?rest_route=%2Fwp%2Fv2%2Fcomments&post=98"}],"wp:featuredmedia":[{"embeddable":true,"href":"https:\/\/akumatik.com.tr\/index.php?rest_route=\/wp\/v2\/media\/256"}],"wp:attachment":[{"href":"https:\/\/akumatik.com.tr\/index.php?rest_route=%2Fwp%2Fv2%2Fmedia&parent=98"}],"wp:term":[{"taxonomy":"product_brand","embeddable":true,"href":"https:\/\/akumatik.com.tr\/index.php?rest_route=%2Fwp%2Fv2%2Fproduct_brand&post=98"},{"taxonomy":"product_cat","embeddable":true,"href":"https:\/\/akumatik.com.tr\/index.php?rest_route=%2Fwp%2Fv2%2Fproduct_cat&post=98"},{"taxonomy":"product_tag","embeddable":true,"href":"https:\/\/akumatik.com.tr\/index.php?rest_route=%2Fwp%2Fv2%2Fproduct_tag&post=98"}],"curies":[{"name":"wp","href":"https:\/\/api.w.org\/{rel}","templated":true}]}}